r of f and s?
1
Suppose 13*m - 744 = m. Suppose 0 = -x + 5*b + 95, -x = -2*b - 45 - m. What is the greatest common divisor of 46 and x?
23
Suppose 5006 = 87*y - 19789. Calculate the greatest common factor of y and 195.
15
Let h be 0 + 37*11*(1 - 0). Let q(y) = -y**2 - 69*y - 907. Let s be q(-18). What is the greatest common divisor of s and h?
11
Let y be 7 - (3/(-21) + (-240)/(-112)). Calculate the highest common factor of 20 and y.
5
Let h be (-36)/15*160/(-6). Suppose -t + 5*t - 324 = -2*q, 3*t + 797 = 5*q. Calculate the greatest common factor of h and q.
32
Let d = 710 + -658. Suppose -4*i = -s - 132, i - 50*s - d = -45*s. What is the highest common factor of 1 and i?
1
Suppose -216 = -62*k + 54*k. Let j = 78 - -219. What is the highest common divisor of j and k?
27
Let f(u) = u**2 - 12*u + 21. Let h(w) = w**3 + w**2 - 15*w - 1. Let c be h(-4). Let y be f(c). What is the highest common divisor of y and 15?
5
Let j(i) = -i**3 + 11*i + 7. Let s be j(-6). Suppose -3*o + s = -5*v + 27, -5*o - v = -226. Calculate the greatest common factor of 75 and o.
15
Let d be (-1)/(-2*(-2)/(-112)). Let p be (-30)/(-50) - 90700/(-500). What is the greatest common divisor of p and d?
14
Suppose 27*i = 43 - 151. Let w be (9 + i/(-4))/1. Calculate the highest common divisor of 20 and w.
10
Suppose 31*g - 2*o = 34*g - 3900, 0 = o - 6. Calculate the greatest common factor of 6 and g.
6
Let z = -3388 + 4066. What is the highest common divisor of z and 12?
6
Suppose 0 = -p - 2*p - 6, -318 = -2*r + 4*p. Suppose 572*o - 68138 = -527*o. What is the greatest common divisor of o and r?
31
Let c = 6940 + -5698. What is the highest common divisor of 459 and c?
27
Suppose 19*v = 14*v - 4*w + 286, 3 = -3*w. Calculate the greatest common factor of v and 31726.
58
Let f be 2 + (-1 - 743/(-1)). Let t(u) = -u**3 - 317*u**2 + 386*u + 21648. Let j be t(-318). Calculate the greatest common factor of j and f.
24
Suppose 30*h - 155547 = -25827. What is the greatest common factor of 329 and h?
47
Let f = -102 - -202. Let q = -60 + 33. Let y = q - -67. What is the highest common divisor of y and f?
20
Let u be -1*(64/12 - 3)*15. Let i = 48 + u. Suppose -s - 4 = -i. What is the greatest common divisor of 6 and s?
3
Let c = 9406 - -1372. Calculate the highest common factor of 34 and c.
34
Let q = 264 + -187. Let n = 2057 - 2105. Let a = q + n. What is the greatest common divisor of 319 and a?
29
Let k = 8351 - 8243. What is the highest common factor of k and 28?
4
Let h be 24/5 - (-7 + 0 - 2006/(-295)). Calculate the highest common divisor of 515 and h.
5
Let k = 209361 - 209328. Let u = 335 + -159. Calculate the highest common factor of u and k.
11
Let x(w) = -33*w - 12. Let a be x(-16). Suppose 0 = 3*n, 0 = 2*o + o + 3*n - 36. Calculate the greatest common divisor of o and a.
12
Suppose 5*r = 4*d + 126 - 30, 0 = -5*r + d + 99. What is the highest common factor of 3140 and r?
20
Suppose -2*t + 34 = 3*r + 2*t, 5*r - 66 = -2*t. Let y be (-4)/r - (-11214)/147. What is the greatest common factor of y and 266?
38
Let b = -5118 - -5855. Calculate the highest common divisor of 1072 and b.
67
Let d be (-6 + 0)*102/(-34). Let k = -10 + d. Calculate the greatest common factor of k and 24.
8
Let m be 0/44 - ((-112)/(-2))/(-2). Let t be (-4)/16 + 1033/4. Let c = -118 + t. What is the highest common divisor of c and m?
28
Let l be (768/(-120))/(0 + 2/(-830)). Calculate the greatest common divisor of l and 48.
16
Suppose 7931 - 17476 = -35*l + 21080. Calculate the greatest common divisor of 20 and l.
5
Suppose -5*a - 105 = 10*a. Let l(w) = -4*w**3 - 6*w**2 + 24*w + 89. Let y be l(a). What is the greatest common factor of 111 and y?
111
Let o = 1952 + -1159. Let x(w) = -w + 44. Let d be x(31). What is the greatest common factor of o and d?
13
Let v(u) = 2*u**2 + 18*u - 150. Let n be v(51). What is the highest common divisor of n and 60?
30
Let q = 8995 - 3491. Calculate the highest common factor of q and 516.
172
Let c(f) = -f**3 + 60*f**2 - 60*f + 64. Let s be c(59). Suppose s*j = 3*u + 300, -4*j - 4*u + 117 + 123 = 0. Calculate the highest common divisor of j and 12.
12
Suppose 243*m - 25*m = 1962. Let t be (-1)/(-6) + (-5)/30. Suppose t = 3*b - 0*p - 2*p - 58, 2*p + 94 = 5*b. What is the highest common divisor of m and b?
9
Let h be ((-10)/5 - -23) + 0. Let d(q) = -2*q**2 + 25*q + 1. Let v be d(18). Let k = 428 + v. Calculate the highest common factor of k and h.
21
Let w be 3/5 - (415/25)/1. Let h be 6/(12/(-32)*w/8). What is the greatest common factor of h and 488?
8
Let c(h) = 10 - 3*h + 4*h - 2*h. Let v be c(-8). Suppose y + 6*k - 90 = 0, -k - 161 - 136 = -2*y. Calculate the highest common factor of v and y.
18
Suppose -3583 + 4916 = 55*i - 5707. Let b(y) = 3*y**3 - 6*y**2 - y + 4. Let s be b(4). What is the highest common divisor of s and i?
32
Let g(d) = d - 4. Let b be g(14). Suppose 0 = 3*q + 3*h - 447, 6*q + h = b*q - 586. Calculate the greatest common factor of 42 and q.
21
Suppose -18*y + 14898 = -12*y. Calculate the highest common factor of y and 13.
13
Let w be 4146/4 + 3/(-2). Let l = 14101 - 14056. Calculate the greatest common factor of w and l.
45
Let p = -10 + 10. Suppose u - 3*j + 56 = -3*u, 2*u + 4*j + 28 = p. Let k be (-4)/u - (-2832)/84. What is the highest common factor of k and 17?
17
Suppose -807 = -100*l + 1773 + 920. What is the highest common divisor of l and 217?
7
Let s be (0 - 39/12) + 4/16. Let m = s - -1. Let l(o) = 7*o**2 - 2*o + 1. Let n be l(m). Calculate the highest common divisor of n and 363.
33
Let w(m) = 4*m**2 + 2*m + 2. Let u be w(-3). Let k = -10007 - -10045. Suppose -u*f + k*f = 126. What is the greatest common divisor of 63 and f?
21
Let q be (-11 - -18) + -16*1 + 12. What is the greatest common divisor of q and 711?
3
Let a(d) = d**3 - d**2 - d + 16. Let h be a(0). Let v = -96 - -101. Suppose 4*k - 20 = 2*z, 18 + 12 = 5*k - v*z. What is the highest common factor of h and k?
4
Suppose -6*i + i + h = -708, 0 = -4*h - 12. Suppose -4*q = 3*p - i, p = 5*p + 4. Calculate the greatest common divisor of 4 and q.
4
Let c = -256 + 310. Calculate the highest common divisor of 62 and c.
2
Suppose 3*b = 3*s + 59 - 8, 0 = 2*b + 4*s - 40. Calculate the greatest common factor of 1431 and b.
9
Let v be -19*10*1/(-2). Let n = -6650 + 6669. What is the greatest common factor of v and n?
19
Let w be 3/(-12)*-2 + 94/4. Suppose 3*k + k = 480. Calculate the greatest common divisor of w and k.
24
Let q(f) = 53*f**3 - 4*f**2 + 8*f - 4. Let h be q(3). Suppose 5*w = -515 + h. Calculate the highest common factor of w and 40.
20
Let x be (4964/1022 - 4/1)*(-14)/(-3). What is the highest common divisor of x and 289?
1
Suppose 4*h - 1354 = 2*n, -2*n + 203 + 123 = h. Calculate the highest common divisor of 189 and h.
21
Let f(y) = 3*y**3 + y**2 + 3*y - 3. Let u be f(3). Let v(x) = -x + 42. Let m = -238 + 256. Let c be v(m). What is the greatest common divisor of c and u?
24
Let n = -609 - -610. Let a(t) = 2*t - 7*t + 7 - 6 - 2. Let y be a(-2). Calculate the highest common factor of y and n.
1
Suppose 83*a - 20280 = 57*a. What is the greatest common factor of a and 90?
30
Suppose -f + 0*y - 2 = 2*y, 0 = f + 4*y + 4. Suppose -880 = -f*o + 8*o. Let a be ((-176)/o)/(4/30). What is the greatest common divisor of a and 48?
12
Suppose 15 = 2*n + 5*j, 0 = 7*n - 3*n - 4*j - 16. Let r(o) = 1 + 7 + 2 - 4*o - 1. Let x be r(-9). What is the highest common divisor of x and n?
5
Let m(l) = -1610*l**3 + 65*l + 130. Let n be m(-2). Calculate the highest common divisor of 160 and n.
80
Let b be -7 + -6 + 12 - -7. What is the greatest common factor of b and 166?
2
Let k(b) = -34*b - 13. Let r(x) = -x**2 - 10*x - 18. Let i be r(-6). Let g be k(i). Let u = -149 - g. What is the greatest common factor of 17 and u?
17
Let s be 4959/30 - (-81)/(-270). What is the highest common divisor of 945 and s?
15
Let s be (-61)/7 - 4/56*4. Let c be 3/(s/(-573)) - (-6 - -5). Calculate the greatest common factor of c and 12.
12
Suppose -42 = -23*d + 4. Suppose d*r + 6 = 0, 5*o + r - 84 = -r. Calculate the greatest common factor of o and 333.
9
Let g be 20/(-110) - 13/(-11). Suppose -4*s = 3*h + s - 1, -h + g = s. Suppose -10 = -3*o - 2*o. What is the highest common factor of h and o?
2
Let k be 0 + (-2 - -2) - -1